, 5
Let p be (-3)/12 + 292/16. Let v = -15 + p. What are the prime factors of v?
3
What are the prime factors of 5/(20/(-12)) - -131?
2
Let n = -4 - -22. What are the prime factors of n?
2, 3
Suppose 5*z = -5*d - 40, 4*z + 1 = 5*d + 5. Let s be -1*10/(-4)*d. Let r = s + 15. What are the prime factors of r?
5
Let d be ((-4)/(-4) - 2) + -13. What are the prime factors of 0 + 4 + d/(-7)?
2, 3
Suppose -1317 = -7*q + 286. What are the prime factors of q?
229
Let d(p) = -2*p**2 + 8*p - 2. Let v(b) = b**2 - 8*b + 2. Let r(s) = 2*d(s) + 3*v(s). What are the prime factors of r(-4)?
2, 3
Let w(c) = 9*c + 4 - 5 - 5*c. Let j(d) = -d - 2. Let f be j(-6). What are the prime factors of w(f)?
3, 5
Suppose 4*h = 5*m + 611, h + 6*m = 7*m + 152. What are the prime factors of h?
149
Suppose -4*l + 20 = -a, 2*l = -l + 9. What are the prime factors of (-3)/(1 - a)*-6?
2
Let x be (10/(-4))/((-6)/12). Suppose -5*c + c - 10 = -5*u, -c = x*u - 10. Suppose u = r - 15. List the prime factors of r.
17
Suppose -p = 2*p - 12. Suppose p = 3*v - 32. What are the prime factors of v?
2, 3
Suppose -y - 3 = -9. What are the prime factors of y?
2, 3
Let m = 50 - 4. List the prime factors of m.
2, 23
Suppose 19 = 2*y - 133. List the prime factors of y.
2, 19
Let q = -46 - -135. List the prime factors of q.
89
Suppose 3*f = 6*f - 84. Suppose -5*k + f = -k. Suppose j - 5*q - 13 = 0, 2*j + j = -q + k. What are the prime factors of j?
3
Suppose 0 = -3*x - 3*b + 102, 0 = -2*x - 4*b + 44 + 30. What are the prime factors of x?
31
List the prime factors of (-4)/5 - (-3 - (-849)/(-5)).
2, 43
Let h = 0 + 28. Let m = -13 + h. What are the prime factors of m?
3, 5
Let q = -437 + 239. List the prime factors of 12/(-28) + q/(-21).
3
Let o = 1 - 1. Suppose -3*n - 4*d + 102 = o, 4*d - 34 = 4*n - 5*n. What are the prime factors of n?
2, 17
What are the prime factors of (9/(-18))/((-2)/68)?
17
Let r(o) = -7 - o**3 + 11*o**2 - 2*o**2 + 17 - 11*o. What are the prime factors of r(7)?
31
Let o = 97 + 41. What are the prime factors of o?
2, 3, 23
Let k(r) = -r**3 - 7*r**2 - 2*r - 9. Let x be k(-7). Let y = 3 + x. Suppose -72 = -5*p + y. List the prime factors of p.
2
Let h(c) = c**3 + 5*c**2 - 4*c - 10. Let j be h(-5). List the prime factors of 395/j + (-6)/(-4).
41
Let w be (-406)/(-8) + 3/(-4). Let d = -27 + w. What are the prime factors of d?
23
Let u(q) be the first derivative of 3*q**2/2 - 3*q + 4. Let n be u(10). What are the prime factors of (-2 - 2)/((-6)/n)?
2, 3
Let i(h) = -h**2 + 4*h - 1. Let g be i(4). Suppose j - 5*j = -52. Let y = j + g. What are the prime factors of y?
2, 3
Let w(t) = t**3 - 3*t**2 + 2*t. Suppose 4*l + 8 = 4*j + 40, -16 = -5*l - j. List the prime factors of w(l).
2, 3
Let j(y) be the second derivative of 5*y**4/12 + y**3/6 - y**2/2 + 5*y. What are the prime factors of j(2)?
3, 7
Let b(i) = 3*i - i**2 + i**3 - 5 + 2 + 2. Let z = -2 + 4. What are the prime factors of b(z)?
3
Let x = 44 - -25. List the prime factors of x.
3, 23
Suppose 5*t - 181 - 74 = 0. List the prime factors of t.
3, 17
Let o(m) = -m**3 - 8*m**2 + 2*m + 11. Let n be o(-8). Let x = n + 9. What are the prime factors of (2 + 1)*x/2?
2, 3
Let m(k) = k**2 - k + 5. List the prime factors of m(-4).
5
Suppose -4*q - 4*m = -7 - 21, -4*q + m + 53 = 0. Suppose 2*a = -2*a + q. What are the prime factors of a?
3
Let z = 3 - -1. Let h(y) = -6*y + 11*y - z + 1. List the prime factors of h(3).
2, 3
Suppose 7*o + 61 = 5. Let m = 5 + -16. Let x = o - m. List the prime factors of x.
3
Let y be (1 + 1)/(4/26). Let k = y - -16. Suppose -4*c - m = -41, 4*m = 4*c - 7 - k. List the prime factors of c.
2, 5
Let s be 15/10 - 1/2. Suppose -4*t + 5 = -k, 3*t + s = -k + 5*t. Suppose -2*b - k*y = 3*b, 0 = b - 5*y - 28. List the prime factors of b.
3
Let u(d) = -3*d. Let w be u(-1). List the prime factors of 1 + (1 - w) + 6.
5
Let z(d) = -d**3 - 6*d**2 - d - 1. Let f be z(-6). Suppose -w = -3*v + 17, 6 = -5*w - f*v + 1. Let y = 2 - w. List the prime factors of y.
7
Let i = 63 - 28. What are the prime factors of i?
5, 7
Let w(r) = r**2 - 6*r + 9. List the prime factors of w(-9).
2, 3
List the prime factors of 213 - (8 - (3 - 0)).
2, 13
Let x(u) be the third derivative of u**6/120 + 2*u**5/15 - u**4/24 + u**3/3 + 3*u**2. List the prime factors of x(-8).
2, 5
Let z(m) = 12*m - 67. List the prime factors of z(18).
149
Let r(h) = -h. Let x be r(-2). What are the prime factors of ((-10)/8)/(x/(-64))?
2, 5
Let j(x) = x**2 - 6*x - 5. Let z be j(7). Suppose -z*b - 2*u + 3*u + 1 = 0, -12 = -4*u. What are the prime factors of b?
2
Let n be 162/24*(3 + 1). Suppose 0 = 5*y + n - 117. List the prime factors of y.
2, 3
Suppose i + 4 = a + 13, 4*a - 4 = -4*i. Let h be (-14)/a - 1/2. Suppose 2*l + 58 = 3*f + f, 4*f - 33 = -h*l. What are the prime factors of f?
2, 3
Suppose -2*x - 4*o + 202 = 0, x + o = 2*o + 110. What are the prime factors of x?
107
Let g(v) = -v**2 - v**2 + 47 + v + v**2. Let p be g(0). Suppose 25 = 6*z - 3*z + l, 5*z + 3*l = p. What are the prime factors of z?
7
Let q = 84 - -74. List the prime factors of q.
2, 79
Let c = 460 - 182. List the prime factors of c.
2, 139
Let n = 3 - 5. What are the prime factors of 8 + 3/(-6)*n?
3
Suppose 0*k + 310 = 5*k. What are the prime factors of k?
2, 31
Let a = 134 - 50. What are the prime factors of a?
2, 3, 7
List the prime factors of 1/(-5) - (1386/(-30) + -6).
2, 13
Suppose 0 = -s - 10*s + 1892. List the prime factors of s.
2, 43
List the prime factors of 2/6 - ((-6636)/(-18))/(-7).
53
Let p be 938/21 + (-2)/3. Suppose f + 3*f - p = 0. What are the prime factors of f?
11
Let u(i) = i**3 + 4*i**2 - 4. Suppose 5*x = -10 - 5. What are the prime factors of u(x)?
5
Let o(v) = -v**2 + 0*v**2 - 10*v - 9 + v. Let u be o(-7). Suppose 24 = u*s - 1. What are the prime factors of s?
5
Let p = -4 - -19. Suppose 0 = 3*u + 2*u + 4*g - 67, -3*u = 3*g - 42. Let f = p - u. What are the prime factors of f?
2
Let q(p) = 2*p - 4*p + p**3 + 0*p - 2 - 3*p**2. What are the prime factors of q(4)?
2, 3
Let l = -27 - -46. What are the prime factors of l?
19
Suppose -2*v - 129 = -3*v. List the prime factors of v.
3, 43
Let f(l) = -21*l**3 - l**2 - 8*l - l + 8*l. Suppose 0 + 3 = -3*h. List the prime factors of f(h).
3, 7
Let w = -1 - -1. Suppose 0*d + 2*d + 8 = w. What are the prime factors of (5/(-4))/(d/32)?
2, 5
Let s be ((-5)/(-10))/(1/(-14)). Let x(y) = y**2 + 7*y + 9. What are the prime factors of x(s)?
3
List the prime factors of (26/3)/((-16)/(-240)).
2, 5, 13
Let k = 9 + -5. What are the prime factors of 78/k - 24/16?
2, 3
Suppose 50 = 5*u + 5*r, -3*u + r - 2*r = -20. Suppose 0 = 5*l - u. List the prime factors of 5*(l + -2 + 2).
5
Suppose w - 2*l - 1 = 2, 0 = 5*w - 3*l - 43. List the prime factors of w.
11
Suppose -i - 3*h = -36, -5*i = -0*i - h - 164. What are the prime factors of i?
3, 11
Let x(m) = -m**3 - 4*m**2 + 3*m - 7. Let n be x(-5). Suppose -n*q + 6*q = 0. Suppose -10 = -5*l - q. What are the prime factors of l?
2
Let a = 45 - 29. Suppose 1 = -5*m + a. Suppose 4*h + m*x - 24 = 6*x, 0 = -5*h + 3*x + 27. List the prime factors of h.
3
List the prime factors of (-206)/(-3) + 19/57.
3, 23
Suppose -3*c + 226 = -3*t - 77, 3*c - 306 = 2*t. Let y = c - 146. Let w = y - -61. List the prime factors of w.
19
Suppose -3*d = 5*k + d + 29, k - 2*d + 17 = 0. Let l = -13 - k. List the prime factors of ((-4)/3)/(l/6).
2
What are the prime factors of (-3)/4 + 382/8?
47
Suppose -2*t = -4*t + 2. Let d(z) = -4*z**2 - 2*z - 3 - z**3 + 9*z**2 - t. What are the prime factors of d(4)?
2
Suppose 4*f - 443 = -u, -112 = -5*f - 4*u + 428. Suppose 25 = 3*t - 3*s - 77, -3*t + s + f = 0. List the prime factors of t.
3, 13
List the prime factors of -3 + 4/(-12)*-51.
2, 7
Let g = -56 + 40. Let o = -6 - g. List the prime factors of o.
2, 5
Suppose 1 - 4 = -3*f. List the prime factors of ((-90)/15)/(f/(-6)).
2, 3
Suppose -5*c + 4*h + 1125 = 0, -5*c - h + 1090 = 2*h. What are the prime factors of c?
13, 17
Let a = 140 + -54. List the prime factors of a.
2, 43
Let u(p) = 2*p + 13. Let g be u(-9). Let m = g + 4. What are the prime factors of ((-21)/(-6) + m)*4?
2, 5
Let f = 3 + -6. Let t(y) = y + 6. Let k be t(f). List the prime factors of (-2)/(-3) + 22/k.
2
Let f be ((-2)/3)/((-6)/45). Suppose f*q = 3*b - 747, 3*q + 0*b + 455 = -5*b.